{"id":11502,"date":"2019-03-21T15:20:48","date_gmt":"2019-03-21T20:20:48","guid":{"rendered":"https:\/\/ilafon.edu.co\/web\/?page_id=11502"},"modified":"2026-02-04T11:38:36","modified_gmt":"2026-02-04T16:38:36","slug":"nuestro-colegio","status":"publish","type":"page","link":"https:\/\/ilafon.edu.co\/web\/nuestro-colegio\/","title":{"rendered":"Instituci\u00f3n"},"content":{"rendered":"<div class=\"wpb-content-wrapper\"><p>[vc_row][vc_column][vc_column_text]<\/p>\n<h3 style=\"text-align: center;\"><strong><span style=\"font-family: candara;\"><span style=\"color: #0000ff;\">Rese\u00f1a Historia<\/span><\/span><\/strong><\/h3>\n<hr \/>\n<p><img decoding=\"async\" class=\"aligncenter\" src=\"https:\/\/5f415b.medialib.edu.glogster.com\/vf6wlPTyTewo8qeeLuHG\/media\/1b\/1bbc8f17124a16a37d20113718b50ff36e245400\/plantilla-r10-c1.jpg\" alt=\"carisma de documento de puebla: holi, hol\u0130 | Glogster EDU - Interactive multimedia posters\" \/><\/p>\n<p><span style=\"color: #000000;\"><span style=\"font-family: candara;\">El Instituto la Anunciaci\u00f3n de Fontib\u00f3n es una instituci\u00f3n Educativa Cat\u00f3lica, de car\u00e1cter privado, dependiente de la Congregaci\u00f3n Religiosa Hermanitas de la Anunciaci\u00f3n Provincia del Rosario, con los niveles de educaci\u00f3n Preescolar, B\u00e1sica y Media. Fue fundado por la Se\u00f1ora Ariete Pradera de Ariza y su Hija Ariete Ariza con el nombre de Juan XII y luego al ser legalizado en el Ministerio de Educaci\u00f3n Nacional recibi\u00f3 el nombre de Instituto Monse\u00f1or Dupanloup.<\/span><\/span><\/p>\n<p><span style=\"color: #000000;\"><span style=\"font-family: candara;\">En 1967 las fundadoras deciden vender el colegio y es adquirido por la Comunidad Religiosa Hermanitas de la Anunciaci\u00f3n. Las primeras Hermanitas que trabajaron en el Instituto fueron Ver\u00f3nica de Jes\u00fas, Mar\u00eda Josefina Solano G, Teresa Tejada, Mar\u00eda de Jes\u00fas Pinto Araque (Q.E.P.D), Rosa Elena Henao y Gabriela Barreto (Q.E.P.D). <\/span><\/span><\/p>\n<p><span style=\"color: #000000;\"><span style=\"font-family: candara;\">Con grandes esfuerzos, voluntad, iniciativa, dinamismo e identidad y pertenencia Congregacional, confiadas a la bondad y misericordia de Dios y a la protecci\u00f3n maternal de Nuestra Se\u00f1ora de la Anunciaci\u00f3n han dirigido el Instituto la Anunciaci\u00f3n, las Hermanitas:<\/span><\/span><\/p>\n<p><span style=\"color: #000000;\"><em><span style=\"font-family: candara;\">\u25aa Hta Ver\u00f3nica de Jes\u00fas (Q.E.P.D).<\/span><\/em><\/span><br \/>\n<span style=\"color: #000000;\"><em><span style=\"font-family: candara;\">\u25aa Hta Ana Pineda (Q.E.P.D )<\/span><\/em><\/span><br \/>\n<span style=\"color: #000000;\"><em><span style=\"font-family: candara;\">\u25aa Hta Ma. del Carmen M\u00e1rquez B<\/span><\/em><\/span><br \/>\n<span style=\"color: #000000;\"><em><span style=\"font-family: candara;\">\u25aa Hta Aracely Garc\u00eda Guerra<\/span><\/em><\/span><br \/>\n<span style=\"color: #000000;\"><em><span style=\"font-family: candara;\">\u25aa Hta Ma. del Consuelo D\u00edaz B.<\/span><\/em><\/span><br \/>\n<span style=\"color: #000000;\"><em><span style=\"font-family: candara;\">\u25aa Hta Martha Isabel Minota Solarte<\/span><\/em><\/span><br \/>\n<span style=\"color: #000000;\"><em><span style=\"font-family: candara;\">\u25aa Hta Ana Lubi Vargas Mu\u00f1oz<\/span><\/em><\/span><br \/>\n<span style=\"color: #000000;\"><em><span style=\"font-family: candara;\">\u25aa Hta Ana Bernarda Prada Ochoa<\/span><\/em><\/span><\/p>\n<p><span style=\"color: #000000;\"><span style=\"font-family: candara;\">En 1995, se inicia el grado 6\u00b0 y se cambia la raz\u00f3n social de Instituto Monse\u00f1or Dupanloup a Instituto la Anunciaci\u00f3n de Fontib\u00f3n.<\/span><\/span><\/p>\n<p><span style=\"color: #000000;\"><span style=\"font-family: candara;\">En el a\u00f1o 2001, se realiz\u00f3 la primera Promoci\u00f3n de Bachilleres, con un total de 25 estudiantes.<\/span><\/span><\/p>\n<p><span style=\"color: #000000;\"><span style=\"font-family: candara;\">En la actualidad en las pruebas SABER\/ ICFES, el Instituto se encuentra en Nivel Superior.<\/span><\/span>[\/vc_column_text][\/vc_column][\/vc_row][vc_row][vc_column][vc_text_separator title=\u00bbMISI\u00d3N Y VISI\u00d3N\u00bb color=\u00bbsky\u00bb style=\u00bbdashed\u00bb][\/vc_column][\/vc_row][vc_row css=\u00bb.vc_custom_1559531433775{margin-bottom: 15px !important;}\u00bb][vc_column width=\u00bb1\/2&#8243; css=\u00bb.vc_custom_1553219212365{margin-bottom: 30px !important;}\u00bb][vc_column_text]<\/p>\n<h3 style=\"text-align: center;\"><strong><span style=\"color: #0000ff;\"><span style=\"font-family: candara;\">Misi\u00f3n<\/span><\/span><\/strong><\/h3>\n<hr \/>\n<p style=\"text-align: center;\"><span style=\"color: #000000;\"><span style=\"font-family: candara;\">El instituto la anunciaci\u00f3n de Fontib\u00f3n es una instituci\u00f3n cat\u00f3lica de car\u00e1cter privado dirigido por las Hermanitas de la Anunciaci\u00f3n y Laicos Anunciatos y se propone ofrecer a la ni\u00f1ez, juventud y familia una formaci\u00f3n y educaci\u00f3n integral bajo los lineamientos pedag\u00f3gicos de la Venerable Madre Mar\u00eda Berenice, a trav\u00e9s de la practica de valores: trascendencia, justicia, tolerancia, justicia, tolerancia, respeto, verdad, amor, con el compromiso de promover y defender la vida, los derechos humanos y cuidar la casa com\u00fan (naturaleza), para lograr una efectiva convivencia y democracia participativa.\u00a0<\/span><\/span><\/p>\n<p>[\/vc_column_text][\/vc_column][vc_column width=\u00bb1\/2&#8243; css=\u00bb.vc_custom_1553219224890{margin-bottom: 30px !important;}\u00bb][vc_column_text css_animation=\u00bbnone\u00bb]<\/p>\n<h3 style=\"text-align: center;\"><strong><span style=\"font-family: candara;\"><span style=\"color: #0000ff;\">Visi\u00f3n<\/span><\/span><\/strong><\/h3>\n<hr \/>\n<p style=\"text-align: center;\"><span style=\"font-family: candara; color: #000000;\"> El Instituto La Anunciaci\u00f3n de Fontib\u00f3n en el a\u00f1o 2022, ser\u00e1 una instituci\u00f3n educativa\u00a0 altamente reconocida a nivel local, regional y nacional por su liderazgo y calidad en t\u00e9rminos de mejoramientos continuo, mediante el acompa\u00f1amiento a las familias y formaci\u00f3n de la ni\u00f1ez y juventud como hombres y mujeres creativos (as) y competentes en una sociedad globalizada urgida de lideres que en fe, pureza y esfuerzo, exigencia y dedicaci\u00f3n, orienten su SER y QUEHACER a la excelencia.\u00a0<\/span><\/p>\n<p>[\/vc_column_text][\/vc_column][\/vc_row][vc_row][vc_column][vc_text_separator title=\u00bbS\u00cdMBOLOS INSTITUCIONALES\u00bb color=\u00bbsky\u00bb border_width=\u00bb2&#8243;][\/vc_column][\/vc_row][vc_row][vc_column width=\u00bb1\/2&#8243;][vc_column_text]<\/p>\n<h3><span style=\"color: #0000ff;\"><span style=\"font-family: candara;\">Escudo:<\/span><\/span><\/h3>\n<hr \/>\n<p style=\"text-align: center;\"><strong><img decoding=\"async\" class=\"aligncenter\" src=\"https:\/\/static.wixstatic.com\/media\/2f7c01_d0af63dfb75348efade2877a102bf13c.png\/v1\/fill\/w_289,h_287,al_c,q_85,usm_0.66_1.00_0.01\/2f7c01_d0af63dfb75348efade2877a102bf13c.webp\" alt=\"SIMBOLOS | anunciacionbogota\" \/><span style=\"color: #000000;\"><span style=\"font-family: candara;\">Pureza:<\/span><\/span><\/strong><span style=\"color: #000000;\"><span style=\"font-family: candara;\"> Se refleja en la comunicaci\u00f3n espontanea, sincera, en el actuar con rectitud en toda circunstancia de la vida.<\/span><\/span><\/p>\n<p style=\"text-align: center;\"><span style=\"color: #000000;\"><strong><span style=\"font-family: candara;\">Esfuerzo:<\/span><\/strong> Es el compromiso por la superaci\u00f3n, por la b\u00fasqueda de la excelencia. Es la voluntad, empe\u00f1o y constancia para ser cada vez mejor. Es la tenacidad para hacer las cosas bien.<\/span><\/p>\n<p style=\"text-align: center;\"><span style=\"color: #000000;\"><strong><span style=\"font-family: candara;\">Fe:<\/span><\/strong> Es el perfeccionamiento del esp\u00edritu mediante el amor a Dios y al pr\u00f3jimo. Es creer en las ense\u00f1anzas de Jes\u00fas de Nazaret expresadas en el evangelio. Es cultivar la experiencia de Dios.<\/span><\/p>\n<p>[\/vc_column_text][\/vc_column][vc_column width=\u00bb1\/2&#8243;][vc_column_text]<\/p>\n<h3><span style=\"color: #0000ff;\"><span style=\"font-family: candara;\">Bandera:<\/span><\/span><\/h3>\n<hr \/>\n<p style=\"text-align: center;\"><img loading=\"lazy\" decoding=\"async\" class=\"size-medium wp-image-12194 aligncenter\" src=\"https:\/\/ilafon.edu.co\/web\/wp-content\/uploads\/2021\/04\/unnamed-file-300x237.png\" alt=\"\" width=\"300\" height=\"237\" srcset=\"https:\/\/ilafon.edu.co\/web\/wp-content\/uploads\/2021\/04\/unnamed-file-300x237.png 300w, https:\/\/ilafon.edu.co\/web\/wp-content\/uploads\/2021\/04\/unnamed-file.png 645w\" sizes=\"auto, (max-width: 300px) 100vw, 300px\" \/><span style=\"font-family: candara; color: #000000;\">Los colores de nuestra bandera, amarillo, blanco y azul celeste, traducen la vivencia del amor a Jes\u00fas Eucarist\u00eda y a la Sant\u00edsima Virgen Mar\u00eda en el Misterio de la Anunciaci\u00f3n.<\/span><\/p>\n<p>[\/vc_column_text][\/vc_column][\/vc_row][vc_row][vc_column][vc_text_separator title=\u00bbHIMNO INSTITUCIONAL\u00bb color=\u00bbsky\u00bb border_width=\u00bb2&#8243;][\/vc_column][\/vc_row][vc_row][vc_column][vc_column_text]<\/p>\n<h3 style=\"text-align: center;\"><strong><span style=\"color: #0000ff;\"><span style=\"font-family: candara;\">HIMNO<\/span><\/span><\/strong><br \/>\n<span style=\"color: #000000;\"><em><span style=\"font-family: candara;\">Letra y M\u00fasica. Lic. Luis Libardo Monroy<\/span><\/em><\/span><\/h3>\n<hr \/>\n<p style=\"text-align: center;\"><span style=\"color: #000000;\"><strong>Coro<\/strong><span style=\"font-family: candara;\"><br \/>\nAnunciatos loor a la gloria de gozarnos con gran frenes\u00ed, nuestra mente no m\u00e1s es victoria y el estudio que nos forma as\u00ed.<\/span><\/span><\/p>\n<p style=\"text-align: center;\"><span style=\"font-family: candara; color: #000000;\">Vamos todos cantando ya juntos al colegio nos muestra su honor, con su fe y su sabidur\u00eda lograremos un mundo mejor.<\/span><\/p>\n<p style=\"text-align: center;\"><span style=\"font-family: candara; color: #000000;\">A la Virgen marchemos sublimes, somos hijos de la Anunciaci\u00f3n, somos seres formando la huella que marcamos con gran devoci\u00f3n.<\/span><\/p>\n<p style=\"text-align: center;\"><span style=\"font-family: candara; color: #000000;\">Entonemos alegres un himno soberanos seremos en fe, la pureza y esfuerzo que indican el futuro de hombres de bien.<\/span><\/p>\n<p>&nbsp;<\/p>\n<p><a href=\"https:\/\/youtu.be\/HVpe1vhHojU\">https:\/\/www.youtube.com\/watch?v=pIXsbfk3CFw&amp;ab_channel=InstitutolaAnunciaci%C3%B3nFontibon<\/a>[\/vc_column_text][vc_message]<iframe loading=\"lazy\" title=\"YouTube video player\" src=\"https:\/\/www.youtube.com\/embed\/0BXwGvaQfgk\" width=\"727\" height=\"409\" frameborder=\"0\" allowfullscreen=\"allowfullscreen\"><\/iframe>[\/vc_message][\/vc_column][\/vc_row][vc_row][vc_column][\/vc_column][\/vc_row][vc_row][vc_column][vc_raw_html css=\u00bb\u00bb]JTIwJTNDaWZyYW1lJTIwY2xhc3MlM0QlMjJzY3JpYmRfaWZyYW1lX2VtYmVkJTIyJTIwdGl0bGUlM0QlMjJNYW51YWwlMjBkZSUyMENvbnZpdmVuY2lhJTIwMjAyNiUyMiUyMHNyYyUzRCUyMmh0dHBzJTNBJTJGJTJGd3d3LnNjcmliZC5jb20lMkZlbWJlZHMlMkY5OTIzNTIyNDMlMkZjb250ZW50JTNGc3RhcnRfcGFnZSUzRDElMjZ2aWV3X21vZGUlM0RzY3JvbGwlMjZhY2Nlc3Nfa2V5JTNEa2V5LWd2c25SSVAzY1J3RzBnRm9RVjlxJTIyJTIwdGFiaW5kZXglM0QlMjIwJTIyJTIwZGF0YS1hdXRvLWhlaWdodCUzRCUyMnRydWUlMjIlMjBkYXRhLWFzcGVjdC1yYXRpbyUzRCUyMjAuNzcyOTIyMDIyMjc5MzQ4OCUyMiUyMHNjcm9sbGluZyUzRCUyMm5vJTIyJTIwd2lkdGglM0QlMjIxMDAlMjUlMjIlMjBoZWlnaHQlM0QlMjI2MDAlMjIlMjBmcmFtZWJvcmRlciUzRCUyMjAlMjIlMjAlM0UlM0MlMkZpZnJhbWUlM0UlMjAlM0NwJTIwc3R5bGUlM0QlMjJtYXJnaW4lM0ElMjAxMnB4JTIwYXV0byUyMDZweCUyMGF1dG8lM0IlMjBmb250LWZhbWlseSUzQSUyMEhlbHZldGljYSUyQ0FyaWFsJTJDU2Fucy1zZXJpZiUzQiUyMGZvbnQtc2l6ZSUzQSUyMDE0cHglM0IlMjBsaW5lLWhlaWdodCUzQSUyMG5vcm1hbCUzQiUyMGRpc3BsYXklM0ElMjBibG9jayUzQiUyMiUzRSUyMCUzQ2ElMjB0aXRsZSUzRCUyMlZpZXclMjBNYW51YWwlMjBkZSUyMENvbnZpdmVuY2lhJTIwMjAyNiUyMG9uJTIwU2NyaWJkJTIyJTIwaHJlZiUzRCUyMmh0dHBzJTNBJTJGJTJGd3d3LnNjcmliZC5jb20lMkZkb2N1bWVudCUyRjk5MjM1MjI0MyUyRk1hbnVhbC1kZS1Db252aXZlbmNpYS0yMDI2JTIzZnJvbV9lbWJlZCUyMiUyMHN0eWxlJTNEJTIyY29sb3IlM0ElMjAlMjMwOTg2NDIlM0IlMjB0ZXh0LWRlY29yYXRpb24lM0ElMjB1bmRlcmxpbmUlM0IlMjIlM0UlMjBNYW51YWwlMjBkZSUyMENvbnZpdmVuY2lhJTIwMjAyNiUyMCUzQyUyRmElM0UlMjBieSUyMCUzQ2ElMjB0aXRsZSUzRCUyMlZpZXclMjBqb2huamFpcm9yYW1pJTI3cyUyMHByb2ZpbGUlMjBvbiUyMFNjcmliZCUyMiUyMGhyZWYlM0QlMjJodHRwcyUzQSUyRiUyRnd3dy5zY3JpYmQuY29tJTJGdXNlciUyRjg0NTQyMTE2MCUyRmpvaG5qYWlyb3JhbWklMjNmcm9tX2VtYmVkJTIyJTIwc3R5bGUlM0QlMjJjb2xvciUzQSUyMCUyMzA5ODY0MiUzQiUyMHRleHQtZGVjb3JhdGlvbiUzQSUyMHVuZGVybGluZSUzQiUyMiUyMCUzRSUyMGpvaG5qYWlyb3JhbWklMjAlM0MlMkZhJTNFJTIwJTNDJTJGcCUzRSUyMA==[\/vc_raw_html][\/vc_column][\/vc_row]<\/p>\n<\/div>","protected":false},"excerpt":{"rendered":"<p>[vc_row][vc_column][vc_column_text] Rese\u00f1a Historia El Instituto la Anunciaci\u00f3n de Fontib\u00f3n es una instituci\u00f3n Educativa Cat\u00f3lica, de car\u00e1cter privado, dependiente de la Congregaci\u00f3n Religiosa Hermanitas de la Anunciaci\u00f3n Provincia del Rosario, con los niveles de educaci\u00f3n Preescolar, B\u00e1sica y Media. Fue fundado &hellip; <\/p>\n","protected":false},"author":1,"featured_media":0,"parent":0,"menu_order":0,"comment_status":"closed","ping_status":"closed","template":"","meta":{"footnotes":""},"class_list":["post-11502","page","type-page","status-publish","hentry"],"_links":{"self":[{"href":"https:\/\/ilafon.edu.co\/web\/wp-json\/wp\/v2\/pages\/11502","targetHints":{"allow":["GET"]}}],"collection":[{"href":"https:\/\/ilafon.edu.co\/web\/wp-json\/wp\/v2\/pages"}],"about":[{"href":"https:\/\/ilafon.edu.co\/web\/wp-json\/wp\/v2\/types\/page"}],"author":[{"embeddable":true,"href":"https:\/\/ilafon.edu.co\/web\/wp-json\/wp\/v2\/users\/1"}],"replies":[{"embeddable":true,"href":"https:\/\/ilafon.edu.co\/web\/wp-json\/wp\/v2\/comments?post=11502"}],"version-history":[{"count":24,"href":"https:\/\/ilafon.edu.co\/web\/wp-json\/wp\/v2\/pages\/11502\/revisions"}],"predecessor-version":[{"id":12581,"href":"https:\/\/ilafon.edu.co\/web\/wp-json\/wp\/v2\/pages\/11502\/revisions\/12581"}],"wp:attachment":[{"href":"https:\/\/ilafon.edu.co\/web\/wp-json\/wp\/v2\/media?parent=11502"}],"curies":[{"name":"wp","href":"https:\/\/api.w.org\/{rel}","templated":true}]}}